 192. What are the prime factors of s?
2, 3, 11
Let l = 1112 - 790. Let q = l - -1013. What are the prime factors of q?
3, 5, 89
List the prime factors of (2 - -9687)/(15/(-10))*(-378)/36.
7, 9689
Let m be (8 - (4 - 8))*(1 + 0). Let a(n) = n**3 - 9*n**2 - 20*n + 8. What are the prime factors of a(m)?
2, 5
What are the prime factors of 289016/78*15/4?
5, 7, 397
Suppose 1115 = 3*f + 26. Let o = f + -203. List the prime factors of o.
2, 5
Let u(d) = 2*d**2 - 9*d + 17. Let y(w) = 12*w + 1. Let r be y(-1). Let o = r + 18. What are the prime factors of u(o)?
2, 13
Suppose -x = 5*i - 85, -6*i + i + 95 = -x. Suppose 0 = 4*q + 5*q - i. Suppose 0 = q*l - 50 + 30. What are the prime factors of l?
2, 5
Suppose 13*a - 18*a = 5*z - 5645, -5649 = -5*a - z. What are the prime factors of a?
2, 5, 113
Let b(y) = 41*y**2 - 11*y - 27. List the prime factors of b(-6).
3, 5, 101
Suppose -b + 4*s - 226 = 164, -2*b - 2*s = 800. Let a = b + 703. List the prime factors of a.
5, 61
Suppose -75769 = -35*u + 20201. What are the prime factors of u?
2, 3, 457
Let t(x) = -13*x + 25. Let g be t(6). Let y = 55 + g. What are the prime factors of y/(-2*2/(-24))?
2, 3
Suppose 0 = -11*w - 1766 - 8541. Let q = -520 - w. List the prime factors of q.
3, 139
Suppose -4621 = -5*w - 11906. List the prime factors of (-3 + 0)/(31/w).
3, 47
Suppose -3*b - 3*d = -53785 + 10666, -4*b + 57443 = -3*d. List the prime factors of b.
2, 11, 653
Let c = 68 - 64. Suppose 3*h + 3952 = c*l, -5*h + 0*h = l - 965. Suppose -3*y + 591 = 4*b - b, l = 5*y + b. List the prime factors of y.
197
Suppose 41 = 4*m + 5*o, 19 - 9 = 2*o. Let r(g) = -5*g**3 - 2*g**2 + 7. Let n be r(m). Let z = n - -589. What are the prime factors of z?
2, 61
What are the prime factors of 34245/(-6)*(8 - 46/5)?
3, 761
Let r be (9/54 + 2/(-3))*-4. Suppose -487 = -r*m + 349. List the prime factors of m.
2, 11, 19
What are the prime factors of ((-1)/(-3))/(-13 + 732072/56313)?
6257
List the prime factors of 1/(-3) + 76084099/1947 + (-9)/33.
23, 1699
Let s(q) = -5*q + 4. Let w be s(7). Suppose 0 = -8*g + 85 + 251. Let o = w + g. What are the prime factors of o?
11
Suppose 3*p = -z - 14, 3*z - 6*p + 29 = -2*p. Let v(b) = -b**3 - b**2 - 5*b + 22. What are the prime factors of v(z)?
3, 11, 13
Suppose -268 = -3*h + h. Let w = 1340 + -1336. Suppose -a = -w*m - h, 2*a - 210 = m + 86. What are the prime factors of a?
2, 3, 5
Let m be 2*2763/(-54)*(-1 + -2). List the prime factors of 3 - m*(-1 - (-2 - -3)).
617
Let c be (-5)/(35/3) - (-12609)/21. Suppose -p + c = 5*r, -1208 - 522 = -3*p - r. What are the prime factors of p?
5, 23
Let n(i) be the first derivative of 10 + 1/2*i**2 + 8*i. What are the prime factors of n(4)?
2, 3
Suppose 6*j = -27*j - 1584. List the prime factors of (72/j)/((-9)/6582).
1097
Let o be 2118/(-14) + 144/504. Let s = o - -328. List the prime factors of s.
3, 59
Suppose 0 = -11*w + 19821 + 73338. What are the prime factors of w?
3, 941
Let a = -15016 - -21760. What are the prime factors of a?
2, 3, 281
Let s = 14 + 338. Let l = 290 + -284. Suppose -l*q + s = -2*q. What are the prime factors of q?
2, 11
Let o = 21508 - 15165. What are the prime factors of o?
6343
Let d = -1141 + 492. Let x = 1089 + d. What are the prime factors of x?
2, 5, 11
Suppose -3*z + 30348 = 120*t - 112*t, z = -5*t + 10130. What are the prime factors of z?
2, 5, 101
Let h(a) = -5*a + 59. Let w be h(11). Suppose d = 2*d + 4*m - 557, -m - 2313 = -w*d. What are the prime factors of d?
577
Let p(j) = -3*j - 31. Let n be p(-13). Let o(v) = 2 + v - 2*v + n*v + 0*v. What are the prime factors of o(2)?
2
Let n(z) = 3*z**3 - 7*z**2 + 14*z + 54. What are the prime factors of n(8)?
2, 3, 11, 19
Let m(n) = 23*n + 7. Let p be m(-2). Let j = p + 44. Suppose -j*l + 3*l = -112. List the prime factors of l.
2, 7
Suppose -133680 = 11*i - 152934 - 245065. List the prime factors of i.
24029
Let a = -164 - -155. List the prime factors of (a - 9592/(-40))*(-10)/(-4).
577
Let a(z) = 131*z - 8. Let p be a(-2). Let v = 122 - p. What are the prime factors of v?
2, 7
Suppose -36 = 2*d - 4*o, 9*d - 4*d - 2*o = -66. Let w(l) be the third derivative of l**5/60 + l**4/3 - 5*l**3/2 + 9*l**2. What are the prime factors of w(d)?
3, 11
What are the prime factors of (-15)/(-2)*(231 + -5)?
3, 5, 113
Let i(h) = 38*h - 17 - 62*h + 5 - 31*h. What are the prime factors of i(-4)?
2, 13
Let o(r) = 23*r**2 + 10*r - 10. Let a = 379 - 375. What are the prime factors of o(a)?
2, 199
List the prime factors of 33612875/763 - 16/28.
44053
Let v be 1359 + (-18)/3 + 3 + 1. Suppose v - 285 = 2*g. Suppose -5*b = -4*c + g, -4 = -5*b + 16. What are the prime factors of c?
139
Let x be (-4 - -9)/(4 + 1 + -6). What are the prime factors of x/(-15) - 4*(-6753)/18?
19, 79
Let l = -1050 + 34168. List the prime factors of l.
2, 29, 571
Suppose -5*i - m - m + 7937 = 0, 0 = -i + 3*m + 1601. Let d = i + 440. What are the prime factors of d?
2029
Suppose -22160 = -2*c - 3*v, -c - 5*v - 1530 = -12624. What are the prime factors of c?
2, 7, 113
Suppose 8*u - 4*u - 133819 = -3*u. What are the prime factors of u?
7, 2731
Let t(q) be the third derivative of 0 + 22*q**2 + 10/3*q**3 - 7/8*q**4 + 0*q - 1/60*q**5. List the prime factors of t(-13).
2, 31
Suppose -3*h - 5*y - 56 = 0, 3*h + 4*y = -8 - 47. Let d be (0/h)/((-3)/(6/(-4))). Suppose d = -3*v - 3, 7*v - 3*v = 2*q - 246. List the prime factors of q.
11
Let b be -2*36/(-42)*42/4. Let x = b + 299. List the prime factors of x.
317
Suppose 0 = 6*z - 11*z + 295. Suppose -z - 1 = 5*i. List the prime factors of 1188/i*(-1)/1.
3, 11
Let o(k) = -12*k + 104. Let f be o(-25). Suppose -f - 1955 = -7*r. List the prime factors of r.
337
Let c(x) = -x**3 + 2*x**2 + x + 4. Let h be c(3). Let b = h + -24. Let y = b + 40. What are the prime factors of y?
2, 7
Suppose 10 = -6*b + 4*b. Let m be (-2)/b - (-12280)/50. Let k = -123 + m. List the prime factors of k.
3, 41
Suppose -149*l = 11*l - 203360. List the prime factors of l.
31, 41
Suppose -100*j - 203*j = -16*j - 9719542. What are the prime factors of j?
2, 7, 41, 59
Let z = 1 + -10. What are the prime factors of 1*(8 + z)*1980/(-2)?
2, 3, 5, 11
Let l = 29124 + -13931. List the prime factors of l.
15193
Let k = 3261 - 1644. Suppose k = 11*f - 2541. List the prime factors of f.
2, 3, 7
Let w be 1*(6 - 6/2). Suppose -w*d = -1450 - 2585. List the prime factors of d.
5, 269
Suppose -o - 157 = -13. Let p = -101 - o. What are the prime factors of p?
43
Let q(p) be the second derivative of p**6/180 - 23*p**5/120 - p**4/6 - 14*p. Let c(s) be the third derivative of q(s). What are the prime factors of c(24)?
73
Let x = 22 - 16. Let k(c) = -21*c - 14*c**2 + x*c + 7*c**2 + 7 + 6*c**2. List the prime factors of k(-12).
43
Let m be 7/3 + (-27)/81. Suppose 19*l - 6489 = -m*l. List the prime factors of l.
3, 103
Suppose -2*h = 5*v - 152995, -5*h = -90*v + 86*v + 122429. What are the prime factors of v?
71, 431
Let b be 300/20*213/15. What are the prime factors of -4*-6*b/24?
3, 71
Suppose -8*o + 53666 = -8202 - 7980. What are the prime factors of o?
8731
Suppose 3*p + 339 = -f, -4*p - 298 = f + 46. Let a = f + 840. List the prime factors of a.
2, 3, 43
Let y(w) = 2*w + 55. Let x be y(-25). Let r = 22 - x. List the prime factors of r.
17
Let p = -43 - -92. Suppose q + 12 = p. Suppose a - 37 - q = 0. What are the prime factors of a?
2, 37
Let h(y) = -y**3 + 59*y**2 + 313*y + 208. List the prime factors of h(61).
3, 59, 67
Suppose 27*f = 25*f - 8. Let u be (1*-26)/(f/(-8)). Let q = u - -58. What are the prime factors of q?
2, 3
List the prime factors of 10 + 47243 - (-224)/(-16).
97, 487
Suppose 0*f + f - 15 = 0. What are the prime factors of (-3 + (-4251)/6)/(f/(-30))?
1423
Suppose 46333 = -108*a + 5827249. What are the prime factors of a?
53527
Let w(o) = -122*o + 272*o - 13 + 15 + 14. What are the prime factors of w(2)?
2, 79
Suppose -5302 = -2*q - 1312. Let i = q - 1325. What are the prime factors of i?
2, 5, 67
Let m = -4542 - -35255. List the prime factors of m.
30713
Suppose -1269*y + 257824 = -1255*y. What are the prime factors of y?
2, 1151
Suppose 7*f = -11*f - 180. Let o(j) = j - 1. Let b be o(-3). What are the prime factors of (-14 + 48)*f/b?
5, 17
Let q = -59 - -50. Let n(l) = 2*l**2 - 3*l + 18. Let h be n(q). Suppose 4*y = h + 101